{"id":72,"date":"2026-02-10T05:23:43","date_gmt":"2026-02-10T05:23:43","guid":{"rendered":"https:\/\/serverartseven.com.br\/colegioaugustoruschi\/?page_id=72"},"modified":"2026-02-10T06:04:29","modified_gmt":"2026-02-10T06:04:29","slug":"6o-a-9o-ano","status":"publish","type":"page","link":"https:\/\/serverartseven.com.br\/colegioaugustoruschi\/6o-a-9o-ano\/","title":{"rendered":"6\u00ba a 9\u00ba ano"},"content":{"rendered":"\t\t<div data-elementor-type=\"wp-page\" data-elementor-id=\"72\" class=\"elementor elementor-72\" data-elementor-post-type=\"page\">\n\t\t\t\t\t\t<section class=\"elementor-section elementor-top-section elementor-element elementor-element-59347d19 elementor-section-full_width elementor-section-height-min-height elementor-section-stretched elementor-section-height-default elementor-section-items-middle\" data-id=\"59347d19\" data-element_type=\"section\" data-e-type=\"section\" data-settings=\"{&quot;stretch_section&quot;:&quot;section-stretched&quot;,&quot;background_background&quot;:&quot;classic&quot;}\">\n\t\t\t\t\t\t<div class=\"elementor-container elementor-column-gap-default\">\n\t\t\t\t\t<div class=\"elementor-column elementor-col-100 elementor-top-column elementor-element elementor-element-621900a8\" data-id=\"621900a8\" data-element_type=\"column\" data-e-type=\"column\">\n\t\t\t<div class=\"elementor-widget-wrap\">\n\t\t\t\t\t\t\t<\/div>\n\t\t<\/div>\n\t\t\t\t\t<\/div>\n\t\t<\/section>\n\t\t\t\t<section class=\"elementor-section elementor-top-section elementor-element elementor-element-77b9f4e8 elementor-section-boxed elementor-section-height-default elementor-section-height-default\" data-id=\"77b9f4e8\" data-element_type=\"section\" data-e-type=\"section\">\n\t\t\t\t\t\t<div class=\"elementor-container elementor-column-gap-default\">\n\t\t\t\t\t<div class=\"elementor-column elementor-col-100 elementor-top-column elementor-element elementor-element-7d0c4f8b\" data-id=\"7d0c4f8b\" data-element_type=\"column\" data-e-type=\"column\">\n\t\t\t<div class=\"elementor-widget-wrap elementor-element-populated\">\n\t\t\t\t\t\t<div class=\"elementor-element elementor-element-19bb3f3f elementor-widget elementor-widget-heading\" data-id=\"19bb3f3f\" data-element_type=\"widget\" data-e-type=\"widget\" data-widget_type=\"heading.default\">\n\t\t\t\t\t<h2 class=\"elementor-heading-title elementor-size-default\">ENSINO FUNDAMENTAL - S\u00c9RIES FINAIS<\/h2>\t\t\t\t<\/div>\n\t\t\t\t\t<\/div>\n\t\t<\/div>\n\t\t\t\t\t<\/div>\n\t\t<\/section>\n\t\t\t\t<section class=\"elementor-section elementor-top-section elementor-element elementor-element-545f21e4 elementor-section-full_width elementor-section-stretched elementor-hidden-desktop elementor-hidden-tablet elementor-section-height-default elementor-section-height-default\" data-id=\"545f21e4\" data-element_type=\"section\" data-e-type=\"section\" data-settings=\"{&quot;stretch_section&quot;:&quot;section-stretched&quot;}\">\n\t\t\t\t\t\t<div class=\"elementor-container elementor-column-gap-default\">\n\t\t\t\t\t<div class=\"elementor-column elementor-col-100 elementor-top-column elementor-element elementor-element-8ad2522\" data-id=\"8ad2522\" data-element_type=\"column\" data-e-type=\"column\">\n\t\t\t<div class=\"elementor-widget-wrap elementor-element-populated\">\n\t\t\t\t\t\t<div class=\"elementor-element elementor-element-6b3ef1af elementor-widget elementor-widget-image\" data-id=\"6b3ef1af\" data-element_type=\"widget\" data-e-type=\"widget\" data-widget_type=\"image.default\">\n\t\t\t\t\t\t\t\t\t\t\t\t\t\t\t\t<a href=\"https:\/\/serverartseven.com.br\/colegioaugustoruschi\/wp-content\/uploads\/2026\/02\/Fundamental-lI-1.png\" data-elementor-open-lightbox=\"yes\" data-elementor-lightbox-title=\"Fundamental-lI-1.png\" data-e-action-hash=\"#elementor-action%3Aaction%3Dlightbox%26settings%3DeyJpZCI6MTM2LCJ1cmwiOiJodHRwczpcL1wvc2VydmVyYXJ0c2V2ZW4uY29tLmJyXC9jb2xlZ2lvYXVndXN0b3J1c2NoaVwvd3AtY29udGVudFwvdXBsb2Fkc1wvMjAyNlwvMDJcL0Z1bmRhbWVudGFsLWxJLTEucG5nIn0%3D\">\n\t\t\t\t\t\t\t<img fetchpriority=\"high\" decoding=\"async\" width=\"903\" height=\"829\" src=\"https:\/\/serverartseven.com.br\/colegioaugustoruschi\/wp-content\/uploads\/2026\/02\/Fundamental-lI-1.png\" class=\"attachment-large size-large wp-image-136\" alt=\"\" srcset=\"https:\/\/serverartseven.com.br\/colegioaugustoruschi\/wp-content\/uploads\/2026\/02\/Fundamental-lI-1.png 903w, https:\/\/serverartseven.com.br\/colegioaugustoruschi\/wp-content\/uploads\/2026\/02\/Fundamental-lI-1-300x275.png 300w, https:\/\/serverartseven.com.br\/colegioaugustoruschi\/wp-content\/uploads\/2026\/02\/Fundamental-lI-1-768x705.png 768w\" sizes=\"(max-width: 903px) 100vw, 903px\" \/>\t\t\t\t\t\t\t\t<\/a>\n\t\t\t\t\t\t\t\t\t\t\t\t\t\t\t<\/div>\n\t\t\t\t\t<\/div>\n\t\t<\/div>\n\t\t\t\t\t<\/div>\n\t\t<\/section>\n\t\t\t\t<section class=\"elementor-section elementor-top-section elementor-element elementor-element-5ef8f669 elementor-section-boxed elementor-section-height-default elementor-section-height-default\" data-id=\"5ef8f669\" data-element_type=\"section\" data-e-type=\"section\">\n\t\t\t\t\t\t<div class=\"elementor-container elementor-column-gap-default\">\n\t\t\t\t\t<div class=\"elementor-column elementor-col-50 elementor-top-column elementor-element elementor-element-3c6bbc51\" data-id=\"3c6bbc51\" data-element_type=\"column\" data-e-type=\"column\">\n\t\t\t<div class=\"elementor-widget-wrap elementor-element-populated\">\n\t\t\t\t\t\t<div class=\"elementor-element elementor-element-aa6f9cb elementor-widget elementor-widget-text-editor\" data-id=\"aa6f9cb\" data-element_type=\"widget\" data-e-type=\"widget\" data-widget_type=\"text-editor.default\">\n\t\t\t\t\t\t\t\t\t<p dir=\"ltr\" style=\"line-height: 1.7999999999999998; margin-top: 0pt; margin-bottom: 0pt;\"><span style=\"font-weight: normal;\"><span style=\"font-size: 12pt; font-family: 'Century Gothic', sans-serif; color: #1c1c1c; background-color: transparent; font-weight: 400; font-style: normal; font-variant: normal; white-space: pre-wrap;\">Nessa fase, do 6\u00ba ao 9\u00ba ano, que compreende aproximadamente \u00e0 idade entre 11 e 14 anos, observamos as profundas transforma\u00e7\u00f5es f\u00edsicas e emocionais que reorientam o processo de forma\u00e7\u00e3o da identidade do indiv\u00edduo.\u00a0 <\/span><\/span><\/p><p dir=\"ltr\" style=\"line-height: 1.7999999999999998; margin-top: 0pt; margin-bottom: 0pt;\"><span style=\"font-weight: normal;\"><span style=\"font-size: 12pt; font-family: 'Century Gothic', sans-serif; color: #1c1c1c; background-color: transparent; font-weight: 400; font-style: normal; font-variant: normal; white-space: pre-wrap;\">\u00a0<\/span><\/span><\/p><p dir=\"ltr\" style=\"line-height: 1.7999999999999998; margin-top: 0pt; margin-bottom: 0pt;\"><span style=\"font-weight: normal;\"><span style=\"font-size: 12pt; font-family: 'Century Gothic', sans-serif; color: #1c1c1c; background-color: transparent; font-weight: 400; font-style: normal; font-variant: normal; white-space: pre-wrap;\">Para responder a essas transforma\u00e7\u00f5es desta fase da adolesc\u00eancia, pensamos em viabilizar os desejos atrav\u00e9s de uma estrutura curricular que abarca o desenvolvimento da percep\u00e7\u00e3o e do protagonismo pelo processo de aprendizagem. \u00a0 <\/span><\/span><\/p><p dir=\"ltr\" style=\"line-height: 1.7999999999999998; margin-top: 0pt; margin-bottom: 0pt;\"><span style=\"font-weight: normal;\"><span style=\"font-size: 12pt; font-family: 'Century Gothic', sans-serif; color: #1c1c1c; background-color: transparent; font-weight: 400; font-style: normal; font-variant: normal; white-space: pre-wrap;\">\u00a0<\/span><\/span><\/p><p dir=\"ltr\" style=\"line-height: 1.7999999999999998; margin-top: 0pt; margin-bottom: 0pt;\"><span style=\"font-weight: normal;\"><span style=\"font-size: 12pt; font-family: 'Century Gothic', sans-serif; color: #1c1c1c; background-color: transparent; font-weight: 400; font-style: normal; font-variant: normal; white-space: pre-wrap;\">Dessa forma, buscamos o fortalecimento do racioc\u00ednio l\u00f3gico e da vis\u00e3o inter e multidisciplinar dos alunos, que passam a enxergar as diferentes \u00e1reas \u2013 biol\u00f3gicas, exatas e humanas <\/span><\/span><span style=\"color: #1c1c1c; font-family: 'Century Gothic', sans-serif; font-size: 16px; font-style: normal; font-variant-ligatures: normal; font-variant-caps: normal; font-weight: 400; white-space: pre-wrap;\">\u2013<\/span><span style=\"font-weight: normal;\"><span style=\"font-size: 12pt; font-family: 'Century Gothic', sans-serif; color: #1c1c1c; background-color: transparent; font-weight: 400; font-style: normal; font-variant: normal; white-space: pre-wrap;\"> como um todo e planejamos atividades de trabalho em grupo que propiciem o di\u00e1logo, o respeito \u00e0s diferen\u00e7as, valorizando a diversidade como necess\u00e1ria \u00e0 constru\u00e7\u00e3o de todo e qualquer conhecimento. <\/span><\/span><\/p><p style=\"margin: 0cm; font-size: 12pt; font-family: Calibri, sans-serif; color: #000000; font-style: normal; font-variant-ligatures: normal; font-variant-caps: normal; font-weight: 400; line-height: 24px;\">\u00a0<\/p>\t\t\t\t\t\t\t\t<\/div>\n\t\t\t\t<div class=\"elementor-element elementor-element-7eba84e1 elementor-align-left elementor-widget elementor-widget-button\" data-id=\"7eba84e1\" data-element_type=\"widget\" data-e-type=\"widget\" data-widget_type=\"button.default\">\n\t\t\t\t\t\t\t\t\t\t<a class=\"elementor-button elementor-button-link elementor-size-lg\" href=\"https:\/\/api.whatsapp.com\/send?phone=551124533535&#038;text=Ol%C3%A1,%20venho%20atrav%C3%A9s%20do%20site,%20gostaria%20de%20mais%20informa%C3%A7%C3%B5es%20sobre%20o%20col%C3%A9gio.\">\n\t\t\t\t\t\t<span class=\"elementor-button-content-wrapper\">\n\t\t\t\t\t\t\t\t\t<span class=\"elementor-button-text\">Garanta sua Vaga!<\/span>\n\t\t\t\t\t<\/span>\n\t\t\t\t\t<\/a>\n\t\t\t\t\t\t\t\t<\/div>\n\t\t\t\t\t<\/div>\n\t\t<\/div>\n\t\t\t\t<div class=\"elementor-column elementor-col-50 elementor-top-column elementor-element elementor-element-598e4953\" data-id=\"598e4953\" data-element_type=\"column\" data-e-type=\"column\">\n\t\t\t<div class=\"elementor-widget-wrap elementor-element-populated\">\n\t\t\t\t\t\t<div class=\"elementor-element elementor-element-492f72d8 elementor-hidden-phone elementor-widget elementor-widget-image\" data-id=\"492f72d8\" data-element_type=\"widget\" data-e-type=\"widget\" data-widget_type=\"image.default\">\n\t\t\t\t\t\t\t\t\t\t\t\t\t\t\t\t<a href=\"https:\/\/serverartseven.com.br\/colegioaugustoruschi\/wp-content\/uploads\/2026\/02\/Fundamental-lI-1.png\" data-elementor-open-lightbox=\"yes\" data-elementor-lightbox-title=\"Fundamental-lI-1.png\" data-e-action-hash=\"#elementor-action%3Aaction%3Dlightbox%26settings%3DeyJpZCI6MTM2LCJ1cmwiOiJodHRwczpcL1wvc2VydmVyYXJ0c2V2ZW4uY29tLmJyXC9jb2xlZ2lvYXVndXN0b3J1c2NoaVwvd3AtY29udGVudFwvdXBsb2Fkc1wvMjAyNlwvMDJcL0Z1bmRhbWVudGFsLWxJLTEucG5nIn0%3D\">\n\t\t\t\t\t\t\t<img fetchpriority=\"high\" decoding=\"async\" width=\"903\" height=\"829\" src=\"https:\/\/serverartseven.com.br\/colegioaugustoruschi\/wp-content\/uploads\/2026\/02\/Fundamental-lI-1.png\" class=\"attachment-large size-large wp-image-136\" alt=\"\" srcset=\"https:\/\/serverartseven.com.br\/colegioaugustoruschi\/wp-content\/uploads\/2026\/02\/Fundamental-lI-1.png 903w, https:\/\/serverartseven.com.br\/colegioaugustoruschi\/wp-content\/uploads\/2026\/02\/Fundamental-lI-1-300x275.png 300w, https:\/\/serverartseven.com.br\/colegioaugustoruschi\/wp-content\/uploads\/2026\/02\/Fundamental-lI-1-768x705.png 768w\" sizes=\"(max-width: 903px) 100vw, 903px\" \/>\t\t\t\t\t\t\t\t<\/a>\n\t\t\t\t\t\t\t\t\t\t\t\t\t\t\t<\/div>\n\t\t\t\t\t<\/div>\n\t\t<\/div>\n\t\t\t\t\t<\/div>\n\t\t<\/section>\n\t\t\t\t<\/div>\n\t\t","protected":false},"excerpt":{"rendered":"<p>ENSINO FUNDAMENTAL &#8211; S\u00c9RIES FINAIS Nessa fase, do 6\u00ba ao 9\u00ba ano, que compreende aproximadamente \u00e0 idade entre 11 e [&hellip;]<\/p>\n","protected":false},"author":1,"featured_media":0,"parent":0,"menu_order":0,"comment_status":"closed","ping_status":"closed","template":"elementor_header_footer","meta":{"site-sidebar-layout":"no-sidebar","site-content-layout":"","ast-site-content-layout":"full-width-container","site-content-style":"default","site-sidebar-style":"default","ast-global-header-display":"","ast-banner-title-visibility":"","ast-main-header-display":"","ast-hfb-above-header-display":"","ast-hfb-below-header-display":"","ast-hfb-mobile-header-display":"","site-post-title":"","ast-breadcrumbs-content":"","ast-featured-img":"disabled","footer-sml-layout":"","ast-disable-related-posts":"","theme-transparent-header-meta":"","adv-header-id-meta":"","stick-header-meta":"","header-above-stick-meta":"","header-main-stick-meta":"","header-below-stick-meta":"","astra-migrate-meta-layouts":"default","ast-page-background-enabled":"default","ast-page-background-meta":{"desktop":{"background-color":"var(--ast-global-color-5)","background-image":"","background-repeat":"repeat","background-position":"center center","background-size":"auto","background-attachment":"scroll","background-type":"","background-media":"","overlay-type":"","overlay-color":"","overlay-opacity":"","overlay-gradient":""},"tablet":{"background-color":"","background-image":"","background-repeat":"repeat","background-position":"center center","background-size":"auto","background-attachment":"scroll","background-type":"","background-media":"","overlay-type":"","overlay-color":"","overlay-opacity":"","overlay-gradient":""},"mobile":{"background-color":"","background-image":"","background-repeat":"repeat","background-position":"center center","background-size":"auto","background-attachment":"scroll","background-type":"","background-media":"","overlay-type":"","overlay-color":"","overlay-opacity":"","overlay-gradient":""}},"ast-content-background-meta":{"desktop":{"background-color":"var(--ast-global-color-4)","background-image":"","background-repeat":"repeat","background-position":"center center","background-size":"auto","background-attachment":"scroll","background-type":"","background-media":"","overlay-type":"","overlay-color":"","overlay-opacity":"","overlay-gradient":""},"tablet":{"background-color":"var(--ast-global-color-4)","background-image":"","background-repeat":"repeat","background-position":"center center","background-size":"auto","background-attachment":"scroll","background-type":"","background-media":"","overlay-type":"","overlay-color":"","overlay-opacity":"","overlay-gradient":""},"mobile":{"background-color":"var(--ast-global-color-4)","background-image":"","background-repeat":"repeat","background-position":"center center","background-size":"auto","background-attachment":"scroll","background-type":"","background-media":"","overlay-type":"","overlay-color":"","overlay-opacity":"","overlay-gradient":""}},"footnotes":""},"class_list":["post-72","page","type-page","status-publish","hentry"],"_links":{"self":[{"href":"https:\/\/serverartseven.com.br\/colegioaugustoruschi\/wp-json\/wp\/v2\/pages\/72","targetHints":{"allow":["GET"]}}],"collection":[{"href":"https:\/\/serverartseven.com.br\/colegioaugustoruschi\/wp-json\/wp\/v2\/pages"}],"about":[{"href":"https:\/\/serverartseven.com.br\/colegioaugustoruschi\/wp-json\/wp\/v2\/types\/page"}],"author":[{"embeddable":true,"href":"https:\/\/serverartseven.com.br\/colegioaugustoruschi\/wp-json\/wp\/v2\/users\/1"}],"replies":[{"embeddable":true,"href":"https:\/\/serverartseven.com.br\/colegioaugustoruschi\/wp-json\/wp\/v2\/comments?post=72"}],"version-history":[{"count":7,"href":"https:\/\/serverartseven.com.br\/colegioaugustoruschi\/wp-json\/wp\/v2\/pages\/72\/revisions"}],"predecessor-version":[{"id":141,"href":"https:\/\/serverartseven.com.br\/colegioaugustoruschi\/wp-json\/wp\/v2\/pages\/72\/revisions\/141"}],"wp:attachment":[{"href":"https:\/\/serverartseven.com.br\/colegioaugustoruschi\/wp-json\/wp\/v2\/media?parent=72"}],"curies":[{"name":"wp","href":"https:\/\/api.w.org\/{rel}","templated":true}]}}